posite number?
False
Suppose 3169 = s + 3*y - 1179, -4*y = -s + 4369. Let i = -2310 + s. Is i a composite number?
True
Let n = 115606 + -62079. Is n a composite number?
False
Let u = -40 - -40. Suppose u = 5*n - 3*f - 0*f - 29758, 23808 = 4*n - 4*f. Is n prime?
False
Let j(u) = 1043*u - 10371. Is j(38) a prime number?
False
Let n = 187721 - 116370. Is n a composite number?
True
Suppose 2 = -14*y + 44. Suppose -y*u - g + 19050 = 0, u = -2*g - 2*g + 6361. Is u composite?
True
Let x(f) = -f**2 - 14*f - 24. Let h be x(-11). Suppose h*d = 2*d. Is (-291 - d)*6/((-72)/92) composite?
True
Suppose 0 = -2*d + 4635 + 4679. Let b = 22495 - 14539. Let l = b - d. Is l composite?
False
Let t(o) = 2*o**3 - 6*o**2 + 3*o - 6. Let h be t(4). Let v = h + -36. Suppose 0*a - 506 = -v*a. Is a composite?
True
Let k(y) = 2 + 2*y + 30*y**3 + 2*y**2 - 28*y**3 - 5. Let p be k(1). Suppose -p = b, 2*b + 1570 = 5*s + 7*b. Is s composite?
False
Let n = -13042 + 23813. Is n a prime number?
True
Let w = 33366 + -23067. Is w prime?
False
Let t = 689637 - 386810. Is t a composite number?
True
Suppose d - 45 = -4*d. Let y be ((-6)/d - -1) + (-50)/15. Is (103 - 2)/(y + (-136)/(-44)) a prime number?
False
Suppose -3*w + 38 = 14, 4*p - 1344156 = -5*w. Is p prime?
True
Suppose -747550 = -53*w + 51*w + 2*i, 4*w - 2*i = 1495104. Is w composite?
False
Let k be (1 - 3)*(14 - 7 - 8). Suppose -6*r + k*r = -5*w + 9765, -r - 9750 = -5*w. Is w prime?
True
Let v = -397023 - -995164. Is v a prime number?
True
Let x(j) be the second derivative of 13*j**4/12 - 4*j**3/3 + 17*j**2/2 - 7*j. Let q = 3 + 3. Is x(q) a composite number?
True
Suppose -4*l = -l - q - 149049, -5*l + 248375 = 5*q. Is l a composite number?
False
Suppose -12*x = -2*w - 150644, -37667 = -3*x - 0*w + 2*w. Is x a prime number?
True
Suppose -4*a + 2*r + 284912 = 0, -5*a + 0*a = 5*r - 356155. Let n = a - 17312. Is n prime?
True
Let k = 76512 - -127787. Is k composite?
False
Let t(l) = -l - 72. Let j be t(-15). Let z = j + 2060. Is z prime?
True
Suppose 2*z = -3*g - 499, 6*z - 143 = g + 2*z. Suppose 1340 = -3*r + 7*r + 3*b, -5*r = -4*b - 1644. Let h = g + r. Is h a composite number?
True
Suppose -102*m - 669192 = -126*m. Is m prime?
True
Let c = 4605 + -1568. Is c prime?
True
Let t(n) = 116*n - 2. Let z(u) = 465*u - 9. Let i(r) = 15*t(r) - 4*z(r). Let w be i(-4). Suppose 3*v + 5*g = 767, 2*g + w = 2*v - g. Is v prime?
False
Let c = -35040 - -147727. Is c a composite number?
False
Suppose 2*x + 5*h = 456552, -3*x + 684833 = -11*h + 16*h. Is x a composite number?
False
Let a(x) = -2231*x + 1111. Is a(-18) prime?
True
Let t(z) = 356*z**2 - 43*z + 983. Is t(20) prime?
False
Suppose -1472*h + 1513*h = 810529. Is h a prime number?
False
Let q = -44603 - -62904. Is q composite?
False
Suppose 11*o - 5 = 16*o. Let t(f) = 5*f - 1. Let n be t(o). Let d(l) = -69*l - 35. Is d(n) composite?
False
Let o = 41924 - -10575. Is o a composite number?
True
Is 866919*-12*2/(-72) composite?
False
Let w = 62720 - -466311. Is w a prime number?
False
Let x(t) = -3*t + 0*t**2 - 60*t + 11*t**2 + 1 + 8*t**2 + 6*t. Is x(12) a prime number?
True
Let o = -97111 + 209954. Is o composite?
False
Suppose 0 = 45*p - 49*p - 7048. Let q = 1197 - p. Is q a prime number?
False
Let o(n) = 1 - 3*n + 6 - 6*n + 0*n + n**3 - 3*n**2. Let t be (-4)/(-5)*(10 - (3 + -8)). Is o(t) a prime number?
False
Suppose -65*w = -61*w. Suppose w = 4*k - 2*u - 8256, 0 = -11*u + 7*u - 16. Is k a prime number?
False
Let v be 3/(-12*5/(-40)). Suppose 117334 = 4*o - v*x, -117327 = -4*o + 31*x - 36*x. Is o prime?
True
Let t(k) = -k**3 + 19*k**2 + 4. Let w be t(19). Suppose 5 = 3*j - w. Suppose -j*b + 8 = -349. Is b a prime number?
False
Suppose m + 5*f = 5 - 25, -f = m + 32. Let x = 35 + m. Is ((-1)/(-2) + x)*(0 + 474) a composite number?
True
Suppose 14*q = -29744 + 1999782. Is q composite?
False
Suppose -31985 = 4*i - 534657 + 36276. Is i prime?
False
Suppose -1788776 = -35*q + 1614. Suppose q = 4*z - 7626. Is z a composite number?
True
Let x = 73 - 69. Suppose 13841 = m + x*c, -11*m - 4*c + 41523 = -8*m. Is m a prime number?
True
Let w(x) = -128 - 23*x**2 - 1151*x + 1095*x - 21*x**2 - x**3. Is w(-43) a prime number?
True
Suppose -23 = -5*i + 2, -2*o + i = -69705. Is o a composite number?
True
Let z(o) = 5*o - 18. Suppose -5*u + 1 = -4*m, 3*u + m - 4*m = 3. Let t be (44/(-6))/(2/u). Is z(t) a prime number?
True
Let m be 0*(92/(-16) + 6). Suppose -17*q + 4369 = -m*q. Is q composite?
False
Let s = 97892 + -21081. Is s a composite number?
True
Let l(j) = -7*j**3 + 7*j**2 + 5*j - 3. Let a(w) = 13*w**3 - 13*w**2 - 10*w + 6. Let q(y) = 4*a(y) + 7*l(y). Let f = -5 - -9. Is q(f) a composite number?
False
Suppose -91*f - 57*f + 9725415 = -43*f. Is f a composite number?
False
Suppose 25*r - 133*r + 2299644 = 0. Is r a composite number?
True
Let u be (-18)/15*(117/27 + -6). Let d(w) = -2*w + 3 + 77*w**2 - 2 + 0. Is d(u) prime?
False
Suppose 0 = 7*c - 40 + 12. Suppose 5*s - 11 + 1 = 0. Suppose 2092 = s*p + 2*q, -c*p = 2*q - 3*q - 4169. Is p a composite number?
True
Let b(k) be the second derivative of k**3/2 - 13*k**2/2 - k + 2. Let c be b(6). Suppose 5*d - 7346 = 3*p, 3*p + 0*p = -c*d + 7364. Is d composite?
False
Let p be (-1 - -1880) + 25 + -29. Let b = -712 + p. Is b composite?
False
Let y(l) = 3*l**2 + 140*l - 163. Is y(40) a prime number?
False
Is (-7 - (-104)/14) + (-634044)/(-21) a prime number?
False
Let y be 6/15 + (198/(-45) - -6). Suppose 3*i - 5*i - 32122 = -2*w, -y*i - 8 = 0. Is w composite?
False
Let b(n) = 196709*n - 5698. Is b(3) prime?
True
Suppose -3*q + n - 8 = -6*q, -3*q - 4 = -5*n. Suppose 0 = -q*d - 5*b + 11265, 5*b = 2*d + 4*b - 11295. Is d composite?
True
Let b be 55528/128 - 12/(-64). Suppose -309 - 351 = -4*q. Let f = b - q. Is f prime?
True
Suppose 217940 = -3*h + 2*h + 21*h. Is h prime?
False
Let r(t) = t**3 - 33*t**2 - 171*t + 14. Is r(81) a prime number?
False
Suppose 9*p - 2*p + 5*p = 0. Suppose -4*j + 111 - 992 = -i, -3*i - 2*j + 2671 = p. Is i composite?
True
Suppose 5*i + 8 = -2*d, -5*i + 7*i - 16 = -4*d. Let c(r) = 2*r**3 - 6*r - 17. Is c(d) prime?
True
Let l = -1596 + 15881. Is l composite?
True
Let k(v) = -16 + 4*v - 6*v - 4 - 4. Let w be k(-15). Suppose w*d = 4*d, -5*d + 201 = u. Is u prime?
False
Let u = -175 + 260. Let s = -83 + u. Suppose -s*y + 5*y = 2019. Is y composite?
False
Let r(b) be the second derivative of -7*b**3/2 - 11*b**2/2 - 5*b - 31. Let v = 12 - 20. Is r(v) composite?
False
Suppose -5*a + 21 = -24. Suppose 4*i - 2*t - t - 9 = 0, -4*i - a = 3*t. Suppose -3*d + 2*w + 781 = i, 3*d - 785 = 3*w - 2*w. Is d a prime number?
True
Let t be 1*6/21 + (-19)/(-7). Let r be (-4)/(t - -1) + 7. Let z(y) = -y**3 + 10*y**2 + 8*y - 5. Is z(r) a prime number?
False
Let r(a) = 5 + 36 - 205*a**2 + 4*a - 23*a + 618*a**2. Is r(2) a prime number?
False
Suppose 4*s + 509 = 3*s - x, -2*s - x = 1017. Let w = s + 848. Suppose -143 - w = -3*j. Is j prime?
False
Let f = -1672 + 6533. Is f prime?
True
Is ((-571)/(-1713))/((-2)/5 + 12036238/30090570) a composite number?
False
Let n(c) = -2004*c + 18. Let d be n(-3). Let m = 11225 - d. Is m composite?
True
Suppose 3291 = r + k, -2*r - 6588 = -4*r + 4*k. Suppose 10*b = 6*b + r. Let i = -322 + b. Is i a composite number?
True
Is (284172/(-210))/((-4)/1105) - 3/(-2) prime?
True
Let c = 7564 + 2533. Suppose -c = -19*l + 43065. Is l a composite number?
True
Let k(r) be the first derivative of 4*r**3/3 - 9*r**2/2 + 14*r - 3. Let f(j) = 2*j**3 + j**2 - 9*j - 11. Let b be f(-2). Is k(b) composite?
True
Suppose 4*y = -3*f + 134681, 24*f = -y + 21*f + 33668. Is y composite?
True
Let u = 512010 + -358193. Is u a composite number?
False
Let k = 1912 + -1219. Let m = k + 2462. Is m a prime number?
False
Suppose v - 6*y - 14294 = -5*y, 2*v = -2*y + 28576. Is v prime?
False
Suppose 3*r + 5*v = 26581, -5*r = -8*r + 4*v + 26563. Is r a prime number?
False
Let y(p) = -20 + 6 + 13 + 1260*p**2. Suppose 4 = 5*l - 1. Is y(l) a composite number?
False
Let x = -31356 - -19480. Let t = -5973 - x. Is t a prime number?
True
Suppose -21*o = -10*o + 8129. Let z = o + 1290. Is z prime?
False
Is 2/((-1353648)/270736 + (-5)/(-1)) prime?
True
Suppose 7*x - 5*h - 5 = 4*x, -4*x - 5*h = -65. Suppose x = 2*w - 2*d, 0 = 6*w - 3*w - 2*d - 15. Is -3 + w + 3566 - -3 com